{"id":1235,"date":"2024-08-19T16:13:56","date_gmt":"2024-08-19T16:13:56","guid":{"rendered":"https:\/\/dkembracingtheroot.taot.dk\/?page_id=1235"},"modified":"2025-05-12T21:21:23","modified_gmt":"2025-05-12T21:21:23","slug":"community","status":"publish","type":"page","link":"https:\/\/dkembracingtheroot.taot.dk\/index.php\/community\/","title":{"rendered":"ETR COMMUNITY"},"content":{"rendered":"\n<div class=\"wp-block-columns alignwide is-layout-flex wp-container-core-columns-is-layout-28f84493 wp-block-columns-is-layout-flex\">\n<div class=\"wp-block-column is-layout-flow wp-block-column-is-layout-flow\">\n<div style=\"height:40px\" aria-hidden=\"true\" class=\"wp-block-spacer\"><\/div>\n\n\n\n<p>Embracing the Root Community er udsprunget af arbejdet med Embracing the Root musik og animationsteaterforestilling.&nbsp;<\/p>\n\n\n\n<p>ETR er partnerskaber, der g\u00e5r sammen i et f\u00e6llesskab for brobygning mellem b\u00e6redygtighed og mental trivsel. ETR Community er forel\u00f8bigt st\u00f8ttet af\u00a0Kultur og Udenrigsministeriets f\u00e6lles pulje for internationale strategiske, kapacitetsopbyggende kunstprojekter.<\/p>\n\n\n\n<p>ETR Community s\u00f8ger aktuelt midler til tilsvarende aktivitet i Danmark fordelt over st\u00f8rre byer i hele landet.&nbsp;<\/p>\n<\/div>\n<\/div>\n\n\n\n<figure class=\"wp-block-image alignwide size-large\"><img loading=\"lazy\" decoding=\"async\" width=\"1024\" height=\"683\" src=\"https:\/\/dkembracingtheroot.taot.dk\/wp-content\/uploads\/2024\/08\/026A3504embracingtheroot_by_MaikenKildegaard_2024_may16th_color-1024x683.jpg\" alt=\"\" class=\"wp-image-1252\" srcset=\"https:\/\/dkembracingtheroot.taot.dk\/wp-content\/uploads\/2024\/08\/026A3504embracingtheroot_by_MaikenKildegaard_2024_may16th_color-1024x683.jpg 1024w, https:\/\/dkembracingtheroot.taot.dk\/wp-content\/uploads\/2024\/08\/026A3504embracingtheroot_by_MaikenKildegaard_2024_may16th_color-300x200.jpg 300w, https:\/\/dkembracingtheroot.taot.dk\/wp-content\/uploads\/2024\/08\/026A3504embracingtheroot_by_MaikenKildegaard_2024_may16th_color-768x512.jpg 768w, https:\/\/dkembracingtheroot.taot.dk\/wp-content\/uploads\/2024\/08\/026A3504embracingtheroot_by_MaikenKildegaard_2024_may16th_color-1536x1024.jpg 1536w, https:\/\/dkembracingtheroot.taot.dk\/wp-content\/uploads\/2024\/08\/026A3504embracingtheroot_by_MaikenKildegaard_2024_may16th_color-2048x1365.jpg 2048w\" sizes=\"auto, (max-width: 1024px) 100vw, 1024px\" \/><\/figure>\n\n\n\n<div class=\"wp-block-columns alignwide is-layout-flex wp-container-core-columns-is-layout-28f84493 wp-block-columns-is-layout-flex\">\n<div class=\"wp-block-column is-layout-flow wp-block-column-is-layout-flow\">\n<p>Embracing the Root Community bidrager til inklusion af sociale aspekter i samarbejde med st\u00e6rke akt\u00f8rer indenfor forskning og social forandring. Gennem live events skabes bevidsthed, nye begreber og sprogdannelse med afs\u00e6t i kroppens oplevelse og emotionelle intelligens.<\/p>\n<\/div>\n<\/div>\n\n\n\n<div style=\"height:16px\" aria-hidden=\"true\" class=\"wp-block-spacer\"><\/div>\n\n\n\n<p class=\"has-system-sans-serif-font-family\"><\/p>\n\n\n\n<p class=\"has-text-align-center has-system-sans-serif-font-family has-large-font-size\"><strong>Aktiviteter<\/strong><\/p>\n\n\n\n<div class=\"wp-block-columns alignwide is-layout-flex wp-container-core-columns-is-layout-28f84493 wp-block-columns-is-layout-flex\">\n<div class=\"wp-block-column is-layout-flow wp-block-column-is-layout-flow\">\n<p class=\"has-system-sans-serif-font-family\">Embracing the Root inviterer til laboratorier, saloner og workshops for grupper og offentlig deltagelse med&nbsp;familien og unge som prim\u00e6re m\u00e5lgrupper.&nbsp;<br><br>Med opstart i Danmark og USA forventes ogs\u00e5 involvering af europ\u00e6iske partnere og andre internationale partnere. Projektet leverer kunstnerisk formidling af b\u00e6redygtighed i praksis for indsigt, b\u00e6redygtig adf\u00e6rd og engagement i det enkelte menneske og i f\u00e6llesskaber for styrkelse og levendeg\u00f8relse af begrebet b\u00e6redygtighed.<\/p>\n\n\n\n<p class=\"has-system-sans-serif-font-family\">ETR Community \u00f8nsker p\u00e5 sigt ogs\u00e5 at inkludere andre projekter. Gennem kreativ udfoldelse og&nbsp;udveksling&nbsp;af ideer bygger Embracing The Root Community bro mellem menneskehedens mentale sundhed og b\u00e6redygtighed i praksis. Projektet arbejder for forbindelsen mellem mennesker og natur, og fremmelse af&nbsp;\u00e5ben dialog gennem inddragelse af samfundsgrupper herunder s\u00e6rligt ungegrupper.&nbsp;Projektet faciliterer samarbejde mellem land- og byomr\u00e5der i DK for engagement i b\u00e6redygtighedens udvikling gennem kulturelle og kunstneriske udtryk.<\/p>\n<\/div>\n<\/div>\n\n\n\n<div style=\"height:16px\" aria-hidden=\"true\" class=\"wp-block-spacer\"><\/div>\n\n\n\n<p class=\"has-system-sans-serif-font-family\"><\/p>\n\n\n\n<h2 class=\"wp-block-heading has-text-align-center has-system-sans-serif-font-family has-large-font-size\"><strong>Ungepanelet<\/strong><\/h2>\n\n\n\n<div class=\"wp-block-columns alignwide is-layout-flex wp-container-core-columns-is-layout-28f84493 wp-block-columns-is-layout-flex\">\n<div class=\"wp-block-column is-layout-flow wp-block-column-is-layout-flow\">\n<figure class=\"wp-block-image size-large\"><img loading=\"lazy\" decoding=\"async\" width=\"1024\" height=\"683\" src=\"https:\/\/dkembracingtheroot.taot.dk\/wp-content\/uploads\/2024\/08\/026A3465_embracingtheroot_by_MaikenKildegaard_2024_may16th_color-1024x683.jpg\" alt=\"\" class=\"wp-image-1292\" srcset=\"https:\/\/dkembracingtheroot.taot.dk\/wp-content\/uploads\/2024\/08\/026A3465_embracingtheroot_by_MaikenKildegaard_2024_may16th_color-1024x683.jpg 1024w, https:\/\/dkembracingtheroot.taot.dk\/wp-content\/uploads\/2024\/08\/026A3465_embracingtheroot_by_MaikenKildegaard_2024_may16th_color-300x200.jpg 300w, https:\/\/dkembracingtheroot.taot.dk\/wp-content\/uploads\/2024\/08\/026A3465_embracingtheroot_by_MaikenKildegaard_2024_may16th_color-768x512.jpg 768w, https:\/\/dkembracingtheroot.taot.dk\/wp-content\/uploads\/2024\/08\/026A3465_embracingtheroot_by_MaikenKildegaard_2024_may16th_color-1536x1024.jpg 1536w, https:\/\/dkembracingtheroot.taot.dk\/wp-content\/uploads\/2024\/08\/026A3465_embracingtheroot_by_MaikenKildegaard_2024_may16th_color-2048x1365.jpg 2048w\" sizes=\"auto, (max-width: 1024px) 100vw, 1024px\" \/><\/figure>\n<\/div>\n\n\n\n<div class=\"wp-block-column is-layout-flow wp-block-column-is-layout-flow\">\n<figure class=\"wp-block-image size-large\"><img loading=\"lazy\" decoding=\"async\" width=\"1024\" height=\"683\" src=\"https:\/\/dkembracingtheroot.taot.dk\/wp-content\/uploads\/2024\/08\/026A3463_embracingtheroot_by_MaikenKildegaard_2024_may16th_color-1024x683.jpg\" alt=\"\" class=\"wp-image-1294\" srcset=\"https:\/\/dkembracingtheroot.taot.dk\/wp-content\/uploads\/2024\/08\/026A3463_embracingtheroot_by_MaikenKildegaard_2024_may16th_color-1024x683.jpg 1024w, https:\/\/dkembracingtheroot.taot.dk\/wp-content\/uploads\/2024\/08\/026A3463_embracingtheroot_by_MaikenKildegaard_2024_may16th_color-300x200.jpg 300w, https:\/\/dkembracingtheroot.taot.dk\/wp-content\/uploads\/2024\/08\/026A3463_embracingtheroot_by_MaikenKildegaard_2024_may16th_color-768x512.jpg 768w, https:\/\/dkembracingtheroot.taot.dk\/wp-content\/uploads\/2024\/08\/026A3463_embracingtheroot_by_MaikenKildegaard_2024_may16th_color-1536x1024.jpg 1536w, https:\/\/dkembracingtheroot.taot.dk\/wp-content\/uploads\/2024\/08\/026A3463_embracingtheroot_by_MaikenKildegaard_2024_may16th_color-2048x1365.jpg 2048w\" sizes=\"auto, (max-width: 1024px) 100vw, 1024px\" \/><\/figure>\n<\/div>\n<\/div>\n\n\n\n<div class=\"wp-block-columns alignwide is-layout-flex wp-container-core-columns-is-layout-28f84493 wp-block-columns-is-layout-flex\">\n<div class=\"wp-block-column is-layout-flow wp-block-column-is-layout-flow\">\n<p class=\"has-text-align-center\">H\u00f8r Embracing the Root Unge Panel tale om norm, f\u00e6llesskab og problematikker omkring b\u00f8rn og unges mistrivsel.<\/p>\n<\/div>\n<\/div>\n\n\n\n<figure class=\"wp-block-audio\"><audio controls src=\"https:\/\/dkembracingtheroot.taot.dk\/wp-content\/uploads\/2024\/08\/Ungepanelet.mp3\"><\/audio><\/figure>\n\n\n\n<hr class=\"wp-block-separator alignwide has-text-color has-base-2-color has-alpha-channel-opacity has-base-2-background-color has-background\"\/>\n\n\n\n<div class=\"wp-block-columns alignwide is-layout-flex wp-container-core-columns-is-layout-28f84493 wp-block-columns-is-layout-flex\">\n<div class=\"wp-block-column is-layout-flow wp-block-column-is-layout-flow\"><\/div>\n\n\n\n<div class=\"wp-block-column is-layout-flow wp-block-column-is-layout-flow\"><\/div>\n<\/div>\n\n\n\n<p class=\"has-text-align-center has-system-sans-serif-font-family has-large-font-size\"><strong>Fagprofessionelle<\/strong><\/p>\n\n\n\n<div class=\"wp-block-columns alignwide is-layout-flex wp-container-core-columns-is-layout-28f84493 wp-block-columns-is-layout-flex\">\n<div class=\"wp-block-column is-layout-flow wp-block-column-is-layout-flow\">\n<div class=\"wp-block-columns is-layout-flex wp-container-core-columns-is-layout-28f84493 wp-block-columns-is-layout-flex\">\n<div class=\"wp-block-column is-layout-flow wp-block-column-is-layout-flow\">\n<figure class=\"wp-block-image size-full\"><img loading=\"lazy\" decoding=\"async\" width=\"641\" height=\"641\" src=\"https:\/\/dkembracingtheroot.taot.dk\/wp-content\/uploads\/2024\/08\/23899440-pix-lars-agersted-01-edited.jpg\" alt=\"\" class=\"wp-image-1162\" srcset=\"https:\/\/dkembracingtheroot.taot.dk\/wp-content\/uploads\/2024\/08\/23899440-pix-lars-agersted-01-edited.jpg 641w, https:\/\/dkembracingtheroot.taot.dk\/wp-content\/uploads\/2024\/08\/23899440-pix-lars-agersted-01-edited-300x300.jpg 300w, https:\/\/dkembracingtheroot.taot.dk\/wp-content\/uploads\/2024\/08\/23899440-pix-lars-agersted-01-edited-150x150.jpg 150w\" sizes=\"auto, (max-width: 641px) 100vw, 641px\" \/><figcaption class=\"wp-element-caption\">Lars Carlsen, Stifter af People Like Us. Ekspert i strategiske partnerskaber, rekruttering og diversitet.<\/figcaption><\/figure>\n<\/div>\n\n\n\n<div class=\"wp-block-column is-layout-flow wp-block-column-is-layout-flow\">\n<figure class=\"wp-block-image size-full\"><img loading=\"lazy\" decoding=\"async\" width=\"955\" height=\"955\" src=\"https:\/\/dkembracingtheroot.taot.dk\/wp-content\/uploads\/2024\/08\/Steen_Hildebrandt-955x1024-square-7046e88e52b9ff526d7b5e2a98809e74-407s6fc9rp1x.webp\" alt=\"\" class=\"wp-image-1278\" srcset=\"https:\/\/dkembracingtheroot.taot.dk\/wp-content\/uploads\/2024\/08\/Steen_Hildebrandt-955x1024-square-7046e88e52b9ff526d7b5e2a98809e74-407s6fc9rp1x.webp 955w, https:\/\/dkembracingtheroot.taot.dk\/wp-content\/uploads\/2024\/08\/Steen_Hildebrandt-955x1024-square-7046e88e52b9ff526d7b5e2a98809e74-407s6fc9rp1x-300x300.webp 300w, https:\/\/dkembracingtheroot.taot.dk\/wp-content\/uploads\/2024\/08\/Steen_Hildebrandt-955x1024-square-7046e88e52b9ff526d7b5e2a98809e74-407s6fc9rp1x-150x150.webp 150w, https:\/\/dkembracingtheroot.taot.dk\/wp-content\/uploads\/2024\/08\/Steen_Hildebrandt-955x1024-square-7046e88e52b9ff526d7b5e2a98809e74-407s6fc9rp1x-768x768.webp 768w\" sizes=\"auto, (max-width: 955px) 100vw, 955px\" \/><figcaption class=\"wp-element-caption\">Steen Hildebrandt, Ph.d., professor emeritus ved Aarhus Universitet<\/figcaption><\/figure>\n<\/div>\n<\/div>\n<\/div>\n\n\n\n<div class=\"wp-block-column is-layout-flow wp-block-column-is-layout-flow\">\n<div class=\"wp-block-columns is-layout-flex wp-container-core-columns-is-layout-28f84493 wp-block-columns-is-layout-flex\">\n<div class=\"wp-block-column is-layout-flow wp-block-column-is-layout-flow\">\n<figure class=\"wp-block-image size-full\"><img loading=\"lazy\" decoding=\"async\" width=\"640\" height=\"640\" src=\"https:\/\/dkembracingtheroot.taot.dk\/wp-content\/uploads\/2024\/08\/pia-clementsen.jpg-edited-1.webp\" alt=\"\" class=\"wp-image-1158\" srcset=\"https:\/\/dkembracingtheroot.taot.dk\/wp-content\/uploads\/2024\/08\/pia-clementsen.jpg-edited-1.webp 640w, https:\/\/dkembracingtheroot.taot.dk\/wp-content\/uploads\/2024\/08\/pia-clementsen.jpg-edited-1-300x300.webp 300w, https:\/\/dkembracingtheroot.taot.dk\/wp-content\/uploads\/2024\/08\/pia-clementsen.jpg-edited-1-150x150.webp 150w\" sizes=\"auto, (max-width: 640px) 100vw, 640px\" \/><figcaption class=\"wp-element-caption\">Pia Clementsen, Formand for Dansk Psykoterapeutforening<\/figcaption><\/figure>\n<\/div>\n\n\n\n<div class=\"wp-block-column is-layout-flow wp-block-column-is-layout-flow\">\n<figure class=\"wp-block-image size-full\"><img loading=\"lazy\" decoding=\"async\" width=\"960\" height=\"958\" src=\"https:\/\/dkembracingtheroot.taot.dk\/wp-content\/uploads\/2024\/08\/442498504_835810458362012_8460060828793326918_n.jpg\" alt=\"\" class=\"wp-image-1279\" srcset=\"https:\/\/dkembracingtheroot.taot.dk\/wp-content\/uploads\/2024\/08\/442498504_835810458362012_8460060828793326918_n.jpg 960w, https:\/\/dkembracingtheroot.taot.dk\/wp-content\/uploads\/2024\/08\/442498504_835810458362012_8460060828793326918_n-300x300.jpg 300w, https:\/\/dkembracingtheroot.taot.dk\/wp-content\/uploads\/2024\/08\/442498504_835810458362012_8460060828793326918_n-150x150.jpg 150w, https:\/\/dkembracingtheroot.taot.dk\/wp-content\/uploads\/2024\/08\/442498504_835810458362012_8460060828793326918_n-768x766.jpg 768w\" sizes=\"auto, (max-width: 960px) 100vw, 960px\" \/><figcaption class=\"wp-element-caption\">Trine Torp, Autoriseret psykolog, selvst\u00e6ndig konsulent og supervisor<\/figcaption><\/figure>\n<\/div>\n<\/div>\n<\/div>\n<\/div>\n\n\n\n<div class=\"wp-block-columns alignwide is-layout-flex wp-container-core-columns-is-layout-28f84493 wp-block-columns-is-layout-flex\">\n<div class=\"wp-block-column is-layout-flow wp-block-column-is-layout-flow\">\n<div class=\"wp-block-columns is-layout-flex wp-container-core-columns-is-layout-28f84493 wp-block-columns-is-layout-flex\">\n<div class=\"wp-block-column is-layout-flow wp-block-column-is-layout-flow\">\n<figure class=\"wp-block-image size-full\"><img loading=\"lazy\" decoding=\"async\" width=\"514\" height=\"514\" src=\"https:\/\/dkembracingtheroot.taot.dk\/wp-content\/uploads\/2024\/08\/38751322_1146498305481861_7658087217465655296_n-edited.jpg\" alt=\"\" class=\"wp-image-1160\" srcset=\"https:\/\/dkembracingtheroot.taot.dk\/wp-content\/uploads\/2024\/08\/38751322_1146498305481861_7658087217465655296_n-edited.jpg 514w, https:\/\/dkembracingtheroot.taot.dk\/wp-content\/uploads\/2024\/08\/38751322_1146498305481861_7658087217465655296_n-edited-300x300.jpg 300w, https:\/\/dkembracingtheroot.taot.dk\/wp-content\/uploads\/2024\/08\/38751322_1146498305481861_7658087217465655296_n-edited-150x150.jpg 150w\" sizes=\"auto, (max-width: 514px) 100vw, 514px\" \/><figcaption class=\"wp-element-caption\">Kristina Bodenhoff, Leder of ASPA, Askovfondens socialpsykiatri<\/figcaption><\/figure>\n<\/div>\n\n\n\n<div class=\"wp-block-column is-layout-flow wp-block-column-is-layout-flow\">\n<figure class=\"wp-block-image size-full\"><img loading=\"lazy\" decoding=\"async\" width=\"512\" height=\"512\" src=\"https:\/\/dkembracingtheroot.taot.dk\/wp-content\/uploads\/2024\/08\/birgit-bundesen.jpg\" alt=\"\" class=\"wp-image-1280\" srcset=\"https:\/\/dkembracingtheroot.taot.dk\/wp-content\/uploads\/2024\/08\/birgit-bundesen.jpg 512w, https:\/\/dkembracingtheroot.taot.dk\/wp-content\/uploads\/2024\/08\/birgit-bundesen-300x300.jpg 300w, https:\/\/dkembracingtheroot.taot.dk\/wp-content\/uploads\/2024\/08\/birgit-bundesen-150x150.jpg 150w\" sizes=\"auto, (max-width: 512px) 100vw, 512px\" \/><figcaption class=\"wp-element-caption\">Birgit Bundesen,  psykiater og litteraturforsker<\/figcaption><\/figure>\n<\/div>\n<\/div>\n<\/div>\n\n\n\n<div class=\"wp-block-column is-layout-flow wp-block-column-is-layout-flow\">\n<div class=\"wp-block-columns is-layout-flex wp-container-core-columns-is-layout-28f84493 wp-block-columns-is-layout-flex\">\n<div class=\"wp-block-column is-layout-flow wp-block-column-is-layout-flow\">\n<figure class=\"wp-block-image size-full is-resized\"><img loading=\"lazy\" decoding=\"async\" width=\"164\" height=\"164\" src=\"https:\/\/dkembracingtheroot.taot.dk\/wp-content\/uploads\/2024\/08\/Billede-beskeder1579704475-edited.jpeg\" alt=\"\" class=\"wp-image-1320\" style=\"width:300px;height:auto\" srcset=\"https:\/\/dkembracingtheroot.taot.dk\/wp-content\/uploads\/2024\/08\/Billede-beskeder1579704475-edited.jpeg 164w, https:\/\/dkembracingtheroot.taot.dk\/wp-content\/uploads\/2024\/08\/Billede-beskeder1579704475-edited-150x150.jpeg 150w\" sizes=\"auto, (max-width: 164px) 100vw, 164px\" \/><figcaption class=\"wp-element-caption\">Anders S\u00f8rensen, Psykolog og ph.d. i psykiatrien<\/figcaption><\/figure>\n<\/div>\n\n\n\n<div class=\"wp-block-column is-layout-flow wp-block-column-is-layout-flow\">\n<figure class=\"wp-block-image size-full\"><img loading=\"lazy\" decoding=\"async\" width=\"800\" height=\"803\" src=\"https:\/\/dkembracingtheroot.taot.dk\/wp-content\/uploads\/2024\/08\/Billede-beskeder3545591718.jpeg\" alt=\"\" class=\"wp-image-1317\" srcset=\"https:\/\/dkembracingtheroot.taot.dk\/wp-content\/uploads\/2024\/08\/Billede-beskeder3545591718.jpeg 800w, https:\/\/dkembracingtheroot.taot.dk\/wp-content\/uploads\/2024\/08\/Billede-beskeder3545591718-300x300.jpeg 300w, https:\/\/dkembracingtheroot.taot.dk\/wp-content\/uploads\/2024\/08\/Billede-beskeder3545591718-150x150.jpeg 150w, https:\/\/dkembracingtheroot.taot.dk\/wp-content\/uploads\/2024\/08\/Billede-beskeder3545591718-768x771.jpeg 768w\" sizes=\"auto, (max-width: 800px) 100vw, 800px\" \/><figcaption class=\"wp-element-caption\">Benjamin Jensen, Kvalitetsleder, filosof og litterat<\/figcaption><\/figure>\n<\/div>\n<\/div>\n<\/div>\n<\/div>\n\n\n\n<p><\/p>\n","protected":false},"excerpt":{"rendered":"<p>Embracing the Root Community er udsprunget af arbejdet med Embracing the Root musik og animationsteaterforestilling.&nbsp; ETR er partnerskaber, der g\u00e5r sammen i et f\u00e6llesskab for brobygning mellem b\u00e6redygtighed og mental trivsel. ETR Community er forel\u00f8bigt st\u00f8ttet af\u00a0Kultur og Udenrigsministeriets f\u00e6lles pulje for internationale strategiske, kapacitetsopbyggende kunstprojekter. ETR Community s\u00f8ger aktuelt midler til tilsvarende aktivitet i [&hellip;]<\/p>\n","protected":false},"author":1,"featured_media":0,"parent":0,"menu_order":0,"comment_status":"closed","ping_status":"closed","template":"page-no-title","meta":{"footnotes":""},"class_list":["post-1235","page","type-page","status-publish","hentry"],"_links":{"self":[{"href":"https:\/\/dkembracingtheroot.taot.dk\/index.php\/wp-json\/wp\/v2\/pages\/1235","targetHints":{"allow":["GET"]}}],"collection":[{"href":"https:\/\/dkembracingtheroot.taot.dk\/index.php\/wp-json\/wp\/v2\/pages"}],"about":[{"href":"https:\/\/dkembracingtheroot.taot.dk\/index.php\/wp-json\/wp\/v2\/types\/page"}],"author":[{"embeddable":true,"href":"https:\/\/dkembracingtheroot.taot.dk\/index.php\/wp-json\/wp\/v2\/users\/1"}],"replies":[{"embeddable":true,"href":"https:\/\/dkembracingtheroot.taot.dk\/index.php\/wp-json\/wp\/v2\/comments?post=1235"}],"version-history":[{"count":44,"href":"https:\/\/dkembracingtheroot.taot.dk\/index.php\/wp-json\/wp\/v2\/pages\/1235\/revisions"}],"predecessor-version":[{"id":1701,"href":"https:\/\/dkembracingtheroot.taot.dk\/index.php\/wp-json\/wp\/v2\/pages\/1235\/revisions\/1701"}],"wp:attachment":[{"href":"https:\/\/dkembracingtheroot.taot.dk\/index.php\/wp-json\/wp\/v2\/media?parent=1235"}],"curies":[{"name":"wp","href":"https:\/\/api.w.org\/{rel}","templated":true}]}}